List the prime factors of 435341.
419, 1039
List the prime factors of 47829.
3, 107, 149
List the prime factors of 1086400.
2, 5, 7, 97
What are the prime factors of 196550?
2, 5, 3931
What are the prime factors of 3950205?
3, 5, 7, 17, 2213
What are the prime factors of 468598?
2, 13, 67, 269
What are the prime factors of 212690?
2, 5, 21269
List the prime factors of 849952.
2, 26561
List the prime factors of 1061355.
3, 5, 173, 409
What are the prime factors of 790564?
2, 197641
List the prime factors of 354817.
199, 1783
List the prime factors of 2152310.
2, 5, 101, 2131
List the prime factors of 42957.
3, 37, 43
What are the prime factors of 484779?
3, 283, 571
What are the prime factors of 1304760?
2, 3, 5, 83, 131
What are the prime factors of 2058017?
13, 23, 6883
List the prime factors of 938836.
2, 79, 2971
What are the prime factors of 38412248?
2, 7, 17, 157, 257
List the prime factors of 4297873.
251, 17123
List the prime factors of 685335.
3, 5, 7, 61, 107
What are the prime factors of 2971137?
3, 13, 29, 37, 71
List the prime factors of 460513.
17, 103, 263
What are the prime factors of 34884?
2, 3, 17, 19
What are the prime factors of 3071295?
3, 5, 131, 521
What are the prime factors of 385694?
2, 192847
What are the prime factors of 13543800?
2, 3, 5, 22573
What are the prime factors of 3036304?
2, 109, 1741
What are the prime factors of 7869641?
13, 37, 16361
List the prime factors of 32561621.
43, 757247
What are the prime factors of 7913726?
2, 3956863
List the prime factors of 4741549.
809, 5861
List the prime factors of 3530768.
2, 220673
List the prime factors of 650006.
2, 7, 29, 1601
List the prime factors of 894091.
11, 81281
List the prime factors of 9668250.
2, 3, 5, 4297
List the prime factors of 34785385.
5, 71, 97987
What are the prime factors of 35441?
7, 61, 83
What are the prime factors of 834690?
2, 3, 5, 27823
What are the prime factors of 26597971?
41, 648731
List the prime factors of 512224.
2, 16007
List the prime factors of 166775.
5, 7, 953
List the prime factors of 463859.
11, 42169
What are the prime factors of 15598957?
11, 137, 941
List the prime factors of 1106298.
2, 3, 6829
List the prime factors of 381576.
2, 3, 13, 1223
List the prime factors of 105625.
5, 13
List the prime factors of 427538.
2, 19, 11251
List the prime factors of 129036.
2, 3, 10753
List the prime factors of 498713.
29, 593
List the prime factors of 5312609.
19, 23, 12157
What are the prime factors of 300896?
2, 9403
List the prime factors of 1871753.
13, 143981
What are the prime factors of 5507498?
2, 89, 30941
List the prime factors of 449627.
23, 113, 173
List the prime factors of 3706619.
7, 529517
What are the prime factors of 8866131?
3, 2955377
What are the prime factors of 148488?
2, 3, 23, 269
List the prime factors of 1149524.
2, 89, 3229
What are the prime factors of 7669645?
5, 431, 3559
What are the prime factors of 1649891?
137, 12043
What are the prime factors of 820896?
2, 3, 17, 503
What are the prime factors of 2987900?
2, 5, 29879
List the prime factors of 19656693.
3, 7, 29, 53
List the prime factors of 3827270.
2, 5, 382727
List the prime factors of 2192633.
2192633
What are the prime factors of 23428652?
2, 13, 17, 1559
What are the prime factors of 343902?
2, 3, 13, 4409
What are the prime factors of 10584788?
2, 499, 5303
What are the prime factors of 10938128?
2, 59, 11587
What are the prime factors of 19394316?
2, 3, 739
List the prime factors of 535177.
17, 31481
List the prime factors of 2386920.
2, 3, 5, 19891
What are the prime factors of 30139?
30139
List the prime factors of 97554.
2, 3, 71, 229
List the prime factors of 18385632.
2, 3, 63839
List the prime factors of 5159159.
5159159
List the prime factors of 1849822.
2, 13, 71147
List the prime factors of 28181.
28181
What are the prime factors of 405980?
2, 5, 53, 383
What are the prime factors of 272251?
7, 19, 23, 89
What are the prime factors of 2545631?
11, 17, 13613
List the prime factors of 688329.
3, 76481
List the prime factors of 74374.
2, 41, 907
What are the prime factors of 39270?
2, 3, 5, 7, 11, 17
List the prime factors of 196830.
2, 3, 5
What are the prime factors of 10352564?
2, 2588141
What are the prime factors of 689041?
689041
What are the prime factors of 373996?
2, 7, 19, 37
What are the prime factors of 4672245?
3, 5, 67, 4649
List the prime factors of 1071859.
73, 14683
List the prime factors of 3874300.
2, 5, 17, 43, 53
What are the prime factors of 445445?
5, 7, 11, 13, 89
List the prime factors of 528839.
23, 22993
What are the prime factors of 646746?
2, 3, 107791
What are the prime factors of 37308?
2, 3, 3109
List the prime factors of 330828.
2, 3, 19, 1451
List the prime factors of 4199918.
2, 17, 123527
List the prime factors of 3834097.
157, 24421
What are the prime factors of 337437?
3, 37493
What are the prime factors of 1398040?
2, 5, 7, 4993
List the prime factors of 226877.
7, 32411
What are the prime factors of 754294?
2, 377147
List the prime factors of 10490060.
2, 5, 7, 74929
List the prime factors of 234115.
5, 7, 6689
What are the prime factors of 10269546?
2, 3, 7, 23, 10631
What are the prime factors of 6737206?
2, 7, 23, 61
What are the prime factors of 55938?
2, 3, 9323
What are the prime factors of 2683411?
113, 23747
What are the prime factors of 399423?
3, 211, 631
What are the prime factors of 4196329?
29, 144701
What are the prime factors of 88805?
5, 17761
What are the prime factors of 11465229?
3, 173, 22091
What are the prime factors of 320023?
11, 47, 619
What are the prime factors of 813522?
2, 3, 41, 3307
What are the prime factors of 772010?
2, 5, 77201
What are the prime factors of 16333214?
2, 109, 74923
List the prime factors of 173122.
2, 86561
What are the prime factors of 16512835?
5, 3302567
List the prime factors of 1205301.
3, 383, 1049
What are the prime factors of 31709?
37, 857
List the prime factors of 367617.
3, 283, 433
What are the prime factors of 262756?
2, 13, 31, 163
List the prime factors of 1786415.
5, 357283
What are the prime factors of 5900306?
2, 2950153
List the prime factors of 73198.
2, 36599
What are the prime factors of 6250699?
7, 13, 149, 461
List the prime factors of 149445.
3, 5, 41
What are the prime factors of 435789?
3, 41, 1181
What are the prime factors of 9235168?
2, 41, 7039
List the prime factors of 2116515.
3, 5, 141101
List the prime factors of 572159.
7, 81737
What are the prime factors of 5734776?
2, 3, 238949
What are the prime factors of 6607043?
173, 181, 211
List the prime factors of 19224403.
11, 227, 7699
What are the prime factors of 812551?
29, 28019
What are the prime factors of 794794?
2, 7, 11, 13, 397
What are the prime factors of 8781768?
2, 3, 23, 5303
List the prime factors of 208354.
2, 19, 5483
What are the prime factors of 2298134?
2, 29, 39623
What are the prime factors of 477741?
3, 11, 31, 467
List the prime factors of 1214263.
443, 2741
List the prime factors of 2090880.
2, 3, 5, 11
List the prime factors of 710546.
2, 47, 7559
List the prime factors of 4172087.
4172087
List the prime factors of 4337390.
2, 5, 41, 71, 149
List the prime factors of 3623035.
5, 13, 139, 401
List the prime factors of 3742390.
2, 5, 374239
What are the prime factors of 132691?
13, 59, 173
What are the prime factors of 1021423?
13, 78571
What are the prime factors of 2274013?
7, 163, 1993
List the prime factors of 3586721.
41, 87481
What are the prime factors of 8375960?
2, 5, 19, 103, 107
What are the prime factors of 4487091?
3, 7, 73, 2927
List the prime factors of 27488693.
67, 410279
What are the prime factors of 2165316?
2, 3, 19, 9497
What are the prime factors of 105631?
73, 1447
List the prime factors of 2044986.
2, 3, 569, 599
List the prime factors of 68960.
2, 5, 431
What are the prime factors of 358996?
2, 11, 41, 199
What are the prime factors of 207919?
53, 3923
What are the prime factors of 1677053?
7, 239579
What are the prime factors of 20318606?
2, 7, 11, 131939
List the prime factors of 1003559.
23, 43633
What are the prime factors of 4882589?
569, 8581
What are the prime factors of 26045625?
3, 5, 29, 479
List the prime factors of 4522683.
3, 11, 31, 4421
List the prime factors of 8323255.
5, 1664651
What are t